 = 5 + 18. What is the remainder when p is divided by 4?
3
Suppose 5*f + 5*x - 120 = -0*f, 10 = 2*x. Calculate the remainder when f is divided by 4.
3
Let k be ((-3)/(-9))/(1/12). Suppose v - 78 = -o, 0*v + k*v - 330 = 2*o. Let l = v - 48. What is the remainder when l is divided by 17?
16
Let w(l) = l**2 + 30*l + 69. What is the remainder when 279 is divided by w(-29)?
39
What is the remainder when 82 is divided by 6/(9/21*(-2)/(-3))?
19
Let s = 137 - 108. Suppose 2*f + 20 - 2 = l, -2*f = -3*l + 34. What is the remainder when s is divided by l?
5
Let x = 18 + -15. Suppose -g - 154 = -4*u, 0*u + u + x*g - 45 = 0. What is the remainder when u is divided by 20?
19
Let a be (6 + 0)/(1/(-1)). Calculate the remainder when 50 is divided by (2/a)/((-3)/153).
16
Let f(t) = 2*t - 4. Let m be f(3). Calculate the remainder when 56 is divided by (m/4 - 0)*38.
18
Calculate the remainder when (7 - -2)*(-9)/(-3) is divided by 9.
0
Suppose z - 915 = -5*n, 0*z = -3*n - 5*z + 549. Let s be n/(-6)*(1 - -1). Calculate the remainder when 2/(-4) - s/2 is divided by 8.
6
Suppose 4*t - 4*v - 280 = -36, 4*v = -t + 46. Calculate the remainder when t is divided by 12.
10
Suppose 4*m - 32 = -2*i, 68 = 3*i + 5*m + 18. Calculate the remainder when 14/4*1*i is divided by 18.
16
Suppose -170 = u + 4*u. Let k = -19 - u. Calculate the remainder when 29 is divided by k.
14
Let k be 124/7 - 2/(-7). Let u = k - 13. What is the remainder when 12 is divided by u?
2
Suppose 4*m = -0*m + 5*y + 41, -4*y = -m + 13. Let c = m - 7. Let o(p) = -p + 9. What is the remainder when o(7) is divided by c?
0
Suppose -2*k - 3*u = -54 + 180, 54 = -k + 3*u. Let f(n) = 7*n - 34. What is the remainder when k/(-27) + 4/(-18) is divided by f(5)?
0
Suppose 16 = -4*m, -3*l + 12 = 5*m - 220. What is the remainder when l is divided by 17?
16
Let u(p) be the third derivative of p**5/60 + p**4/3 + 11*p**3/6 + 2*p**2. What is the remainder when u(-8) is divided by 6?
5
Let v = -16 + 11. Calculate the remainder when (v + 2 + 2)*-1 is divided by 1.
0
Let y(d) = d**3 - 9*d**2 + 7*d + 2. Let p be y(8). What is the remainder when 11 is divided by 10/4*p/(-5)?
2
Suppose -5*m = -105 - 95. What is the remainder when m + 3 + (-8)/2 is divided by 14?
11
Let x be 30/(-18) + 4/6. Calculate the remainder when 49 is divided by x/(-2 - (-25)/13).
10
Let h(r) = 3*r**2 + 2*r + 1. Let c be h(-1). Let t = c - 1. Let y = t + 10. What is the remainder when y is divided by 6?
5
Suppose -d = -6*d + 195. What is the remainder when 192 is divided by d?
36
Let i = 190 - 72. What is the remainder when i is divided by 41?
36
Let a = 17 - -30. What is the remainder when a is divided by 25?
22
Suppose 4*p = 4*j + 20, -3*j + 3 = 4*p - 10. Let g(x) = x**2 - 7. What is the remainder when g(6) is divided by 133/9 + p/18?
14
Let l be -19 - ((-3)/3 + 0). Let a = -6 - l. What is the remainder when 23 is divided by a?
11
Suppose -3*d = 10 - 46. Suppose -6*i - 2*n - 282 = -3*i, 5*n + 291 = -3*i. Let g = -57 - i. Calculate the remainder when g is divided by d.
11
Let p(a) be the first derivative of -a**4/4 - 5*a**3/3 + 5*a**2/2 - 5*a - 3. Let q be p(-6). What is the remainder when 7 is divided by (-1 - q)*5/(-2)?
2
Let c be 8/12 + (-6)/9. Suppose j + 15 = -2*j. Calculate the remainder when (3 - -1)*(c - j) is divided by 7.
6
Suppose -4*m + 38 = 4*j - 58, 104 = 4*m + 2*j. Suppose -3*q + 65 + m = 0. Calculate the remainder when q is divided by 16.
15
Let q(h) = 4*h**3 + 2*h**2 - 2*h + 1. Let z = -37 + 56. Let x = -6 + z. What is the remainder when x is divided by q(1)?
3
Let n(r) = r - 1. Suppose 2 + 0 = 2*x. Let s be n(x). Suppose s = 3*o - 2*o - 5. What is the remainder when 13 is divided by o?
3
Let y(t) = -t + 12. What is the remainder when y(-5) is divided by 7?
3
Let w(z) = -z - 4. Let o be w(-5). Let p be o*3*(-1)/3. Calculate the remainder when 16 is divided by (2 - (2 + p))*9.
7
Let z(m) = m**3 + 4*m**2 - 5*m + 5. Let n be z(-5). Suppose k - 143 = -n*y, y = -4*k + 7 + 33. What is the remainder when y is divided by 15?
13
Let s(z) = -5*z. Let q be s(-1). Suppose q*n - 40 - 105 = 0. Let k = -29 + 44. What is the remainder when n is divided by k?
14
What is the remainder when (3/1 - 1 - -1) + 210 is divided by 72?
69
Suppose -4*y - 41 = -97. What is the remainder when 1/(-2) + 110/4 is divided by y?
13
Let o = 17 + 14. Suppose -20*l + 51 = -269. What is the remainder when o is divided by l?
15
Suppose -d + 24 = -2. What is the remainder when d is divided by 16?
10
Suppose 101*c = 96*c + 170. Calculate the remainder when 64 is divided by c.
30
Let j(g) = g + 1. Let w be j(2). Suppose 3*a = -2*a - 2*p + 40, 33 = w*a + 3*p. Suppose 82 - 2 = 5*r. Calculate the remainder when r is divided by a.
4
Suppose -2*g = -h - 336, 0*g = 4*g + 3*h - 692. What is the remainder when g is divided by 9?
8
Let w be (21/(-5))/((-6)/60). Suppose -c - 4*g = -w, -2*g = -0*c - c + 30. What is the remainder when c is divided by 9?
7
Calculate the remainder when 37 is divided by 3 + (13 - 4 - -1).
11
Let a = 90 + -77. What is the remainder when 38 is divided by a?
12
Let h = -9 - -30. What is the remainder when 83 is divided by h?
20
Let m = -8 - -13. Calculate the remainder when m is divided by 2*((-27)/(-2))/9 + 1.
1
Let l be 4/(-12) - (-259)/3. Let w be (12 - 0)/((-3)/10). Let t = w + l. Calculate the remainder when t is divided by 16.
14
Let h be (-4)/(4/(-11)) + 2. Let q = h - 10. What is the remainder when 10 is divided by q?
1
Suppose 0 = 5*r - 0*r. Let l be r + 1 - 6 - 2. Let g = 47 + l. What is the remainder when g is divided by 14?
12
Let s = 8 - -35. What is the remainder when s is divided by 9?
7
Let o(j) = -j**3 + 18*j**2 - 13*j - 25. Calculate the remainder when o(17) is divided by 9.
7
Let m(c) = -c**2 + 4*c + 9. What is the remainder when 34 is divided by m(4)?
7
Let t(d) = -2*d + 6. Let c = 66 - 19. What is the remainder when c is divided by t(-5)?
15
Suppose -93 = -6*k + 15. What is the remainder when 44 is divided by k?
8
Suppose d = -0*d + 9. Calculate the remainder when 19 is divided by d.
1
Suppose 4*h = 3*o - 361, o - 8*h - 119 = -6*h. What is the remainder when o is divided by 42?
39
Suppose -m + 22 = -4. What is the remainder when m is divided by 16?
10
Let b be 111/21 - 6/21. Suppose -21 + b = -4*q. Suppose -q*f + 2*f = -44. What is the remainder when f is divided by 12?
10
Suppose -4*o - 8 = p - 81, 0 = 2*o + p - 39. Suppose 2*d + 166 = 5*a, 3*d = -5*a - 0*d + 151. What is the remainder when a is divided by o?
15
Let c(k) = -k**3 + 13*k**2 + 6*k + 7. Let i be c(13). Let m = 155 - i. What is the remainder when m is divided by 24?
22
Let s(i) = i**3 - 4*i**2 + 3*i - 2. Let w be s(2). Let a(b) = -b**2 - 3*b + 5. Let u be a(w). What is the remainder when 15 + (0 - u/1) is divided by 4?
2
Suppose -i + 24 = i + 4*r, 4*i + 17 = 5*r. Suppose -u + i*u - 19 = 0. What is the remainder when 56 is divided by u?
18
Suppose -8 = -g - 0*i + i, 0 = 2*g - i - 20. Calculate the remainder when 47 is divided by g.
11
Suppose 4*z - 4*o - 108 = 0, -z + 6*z + 4*o = 180. What is the remainder when 93 is divided by z?
29
Suppose o + f - 92 = -2*o, -2*o = 5*f - 44. Let s(r) = 2*r**2 - 6*r - 2. Let h be s(9). Calculate the remainder when o is divided by 4/(-6) + h/6.
15
Let h = 7 - 6. Let v(s) = s**3 - 2*s - 1. Let t be v(2). Suppose -2*o = -t - h. Calculate the remainder when o is divided by 1.
0
Let z(i) = -i**2 - i + 1. Let p(h) = h**2 + 6*h + 6. Let y(u) = -p(u) - 2*z(u). What is the remainder when y(6) is divided by 3?
1
Let s(j) = -2*j - 3. Calculate the remainder when 33 is divided by s(-5).
5
Let s(u) = -16*u - 1. Let v be s(1). Let l = 27 + v. What is the remainder when 17 is divided by l?
7
Suppose 0 = -4*c + g + 15, -g = -3*g - 6. Suppose 4*b = c*b + 53. Calculate the remainder when b is divided by ((-3)/(-6))/((-1)/(-36)).
17
Suppose n - 5*a + 9 = -a, 2*a = 2*n - 6. What is the remainder when 39 is divided by n?
4
Let c(u) = -u**2 + 37. Let o(i) = i**3 + 6*i**2 + 5*i. Let f be o(-5). Calculate the remainder when c(f) is divided by 1*15 - (-12 + 8).
18
Let m(s) = -s**2 + 9*s - 6. What is the remainder when 35 is divided by m(6)?
11
Let f = 0 + 3. Suppose -s = f*s - 44. Suppose -5*v = n - 4 - 2, -2*n + 67 = -v. What is the remainder when n is divided by s?
9
